t is q(h)?
5
Let z be (72/(-99))/(4/(-22)). Let l(a) = -a - 5. Give l(z).
-9
Let q = -99 + 102. Suppose -q*y + 2 = -2*g - 2*y, 3*y - 9 = 3*g. Let v(t) = -2*t - 1 + 1. Give v(g).
-2
Suppose -62*y + 8*y + 54 = 0. Let p(l) = -5*l**3 - l**2 + 3*l - 3. Determine p(y).
-6
Let z(c) = c**2 + 3*c - 7. Let v = 59 + -77. Let r be 3/(27/(-52)) + 4/v. Calculate z(r).
11
Let f = 12 - 15. Let c(n) be the first derivative of -n**4/4 - n**3 + n**2 - 127. Calculate c(f).
-6
Let m(z) = -5*z**2 - 2*z - 4. Let n(r) = 4*r**2 + 3*r + 3. Let x(w) = 5*m(w) + 6*n(w). Let p(i) = i**3 + 4. Let j be p(-4). Let l = j - -67. Determine x(l).
5
Let h(s) = 2*s + 7. Let m(f) = -3*f - 8. Let a(x) = 5*h(x) + 4*m(x). Let c be 2 - (-6)/(-4)*-2. Suppose -1 = c*w - 26. Calculate a(w).
-7
Let q(i) = -i**3 - 3*i**2 - 3*i + 3. Let r = 47 + -33. Suppose 3*d + 3*g = -0*d, 4*g = 3*d - r. Let x be (d + (-10)/4)*6. Calculate q(x).
12
Let z(s) = 4*s - 4*s - s. Suppose 5*j - 25 = -2*v + 3*v, -j = -3*v - 5. Suppose 0 = q - 2*p - 1, 5*q - 8*q = j*p - 14. Determine z(q).
-3
Let n(k) = -k**3 + 10*k**2 + 26*k - 16. Let o be n(12). Let y(m) = 6*m. Let h(a) = 7*a. Let u(q) = 5*h(q) - 6*y(q). Calculate u(o).
-8
Let l(v) be the first derivative of 10*v + 1/2*v**2 - 7. Give l(-6).
4
Let d = 1765 - 1761. Let x(h) be the first derivative of -4/3*h**3 - 3/2*h**2 - 10 - h - 1/4*h**d. What is x(-2)?
-3
Let q(z) = z**2 - z - 2. Let g(o) = -6*o**2 + 14*o + 3. Let a(v) = v**2 - v + 1. Let l(r) = 2*a(r) + g(r). Let k(n) = l(n) + 3*q(n). What is k(9)?
-1
Let y(i) = 4*i**3 + 2 - 28*i - 3*i**3 + 26*i - 4*i**2. Let p = -7 - -10. Suppose -3*j - 2 = -4*w + 4, j + 7 = p*w. Calculate y(j).
-10
Let x(t) = 3*t + 4. Suppose -5*k - 124 = -7*k. Let i(m) = -k - 2*m + 4*m + 65. Let r(p) = -4*i(p) + 3*x(p). Give r(3).
3
Let u(x) be the second derivative of -3*x**4/4 + x**2/2 + 48*x. Calculate u(-1).
-8
Let u = 66 + -60. Suppose 5*n = u*n - 4. Let k(f) be the third derivative of -f**4/8 + f**3/3 - f**2. Give k(n).
-10
Let g = 34 + -34. Suppose g = 3*k + 5 + 1. Let q(b) be the third derivative of b**6/120 + b**5/20 + b**4/8 + b**3/2 - b**2. What is q(k)?
1
Let b(l) = -l**3 - 4*l**2 + 5*l + 6. Suppose -2*w + 4*w - 70 = 0. Suppose 3*x + 0*x + 5 = -4*s, -4*x + w = -3*s. What is b(s)?
6
Let v(i) = -i + 1. Suppose 9 = -k - x, 0 = 3*k - x - 0*x + 23. Let w be v(k). Let p(u) = u**3 - 3*u + u - 2 + 4*u**2 + w. What is p(-5)?
-8
Let g(u) = u**3 - 4*u**2 - 4*u - 1. Let q(b) = -b**3 - 11*b**2 - 12*b - 15. Let f be q(-10). Give g(f).
4
Let m(x) = x**2 + 4*x - 3. Suppose 312*n - 317*n = 25. Give m(n).
2
Let n = 76 - 53. Let b(l) = 3*l - n - 2*l + 25. Give b(-2).
0
Let b(h) = 5*h**2 - 1. Let f be b(-1). Let s(g) be the second derivative of g**4/12 - 7*g**3/6 + 5*g**2/2 + 959*g. Determine s(f).
-7
Suppose -3*n = n + 8, -n = -5*u + 12. Let c(d) = -u*d**3 + 2 + 5*d**3 - 5*d**3 - 3*d**2. Let r(a) = -a**2 - 2. Let m be r(0). Calculate c(m).
6
Let p(l) be the second derivative of -l**4/24 + l**3/2 + 3*l**2/2 - 14*l. Let t(n) be the first derivative of p(n). Give t(4).
-1
Let p(x) be the first derivative of x**3/3 + x**2/2 - 10*x + 350. What is p(4)?
10
Let n(a) = 2*a - a + 3*a + 6 - 3*a. Let c = -86 - -80. What is n(c)?
0
Let w(a) = -3 + 4433*a - 4431*a - a**3 - 7*a**2 + 2*a**2. Calculate w(-6).
21
Suppose 4*p + 21 = p. Let f(v) be the third derivative of v**4/24 - 2*v**3/3 + 196*v**2. Give f(p).
-11
Let p(c) = -13*c**2 - 1. Let g = 58 + -54. Suppose x = 2*w - 3, g*w + 5*x + 28 = w. What is p(w)?
-14
Let p(r) be the first derivative of r**2 + 18*r - 141. What is p(-9)?
0
Let l be 32/16 - 10/2. Suppose 0 = -4*u - 3*v + 16, -12 = -3*u + 3*v - 5*v. Let x(n) = 2*n + 2 + u*n - 3*n - 3. Give x(l).
-10
Let t(p) be the first derivative of p**3/3 + 4*p**2 + 7*p - 186. Give t(-6).
-5
Let o(x) = x - 4. Let u be ((-96)/80)/((-9)/15). What is o(u)?
-2
Let q(l) = l**3 + 15*l**2 + 15*l + 5. Suppose 2*j - 700 = -728. What is q(j)?
-9
Suppose -21 = 5*k - 121. Suppose 15 = 5*n - k. Let p(z) = 7 + n - 14 - 2*z. Calculate p(5).
-10
Let p(b) = -b**2 - 10*b - 2. Let u be p(-9). Let k(a) = a + u - 4 - 5 - 2. Calculate k(0).
-4
Let w(d) be the second derivative of -d**5/20 + 2*d**3/3 + 3*d**2/2 + d - 63. Determine w(-3).
18
Suppose 4*o + 50 = 5*p, 0 = 2*p + 5*o - 0*o + 13. Suppose -4*q + 5*z = -17, -3*q - 2*z - 10 = p. Let k(d) = -2*d + 2. Calculate k(q).
6
Let f be (12/(-10))/(12/(-30)). Let h(p) = -4 - 4*p**2 - 145*p + p**f + 145*p. What is h(4)?
-4
Let u be 8/3 + (-2)/(-6). Let i(a) be the first derivative of -2*a - 29 + 1/4*a**4 - a**3 - 1/2*a**2. What is i(u)?
-5
Let w(m) be the third derivative of 1/6*m**4 + 1/60*m**5 + 2*m**2 - 1/2*m**3 + 0*m + 0. Give w(-3).
-6
Let g be 13/4 - 9/(-12). Let p(f) = 3*f + 5 - f - g*f - 3. Calculate p(4).
-6
Let r(k) = 1 - 2*k**2 - 2*k**3 + 3*k**3 + 0. Let n(o) = 12*o - 121. Let i be n(10). Give r(i).
-2
Let l(r) be the first derivative of 0*r + 5/2*r**2 + 8 + 1/6*r**3 - 3/8*r**4. Let s(b) be the second derivative of l(b). Determine s(1).
-8
Let c(u) = -u**2 + 8*u - 2. Suppose 69 = 53*x - 196. Give c(x).
13
Let v(z) be the second derivative of -z**4/12 + 4*z**3/3 - 7*z**2/2 + z. Let c(d) = -d**3 + 5*d**2 - 5*d + 4. Let m be c(2). Determine v(m).
5
Let z(l) = l**2 - 3*l + 1. Let t be z(1). Let b = 0 - t. Let r(m) be the first derivative of 3*m**4 - 2*m**3/3 + m - 9771. Calculate r(b).
11
Suppose 4*y - 1 = -2*l - l, -5*y = -5*l - 10. Let o(n) be the first derivative of -n**2/2 - 9. Calculate o(y).
-1
Let s(k) = 8*k**2 - 6*k - 3. Let m(q) = -7*q**2 + 6*q + 2. Let g(o) = 7*m(o) + 6*s(o). Suppose -4*r - 13 = -2*z - 3*z, 3*r = 9. What is g(z)?
1
Let h(r) = r**3 + 5*r**2 - 5*r + 3. Suppose 0*s = -3*s + b - 21, b + 3 = -s. What is h(s)?
-3
Let u(q) = -q. Let m(t) = t**2 + 5*t + 10. Let f(k) = -m(k) - 6*u(k). Let z = -1 - -1. Calculate f(z).
-10
Suppose 21*d + 5*j + 30 = 22*d, 40 = 3*d - 5*j. Let l(m) = -2*m + 2. What is l(d)?
-8
Let x be (3*(-4)/(-6))/(-2). Let i(p) = -46*p - 1. Let g(s) = 79*s + 2. Let c(b) = 3*g(b) + 5*i(b). Calculate c(x).
-6
Let v(g) = g**3 + 43*g**2 - 45*g - 43. Let m be v(-44). Let j(l) = -11*l**2 + l. Determine j(m).
-10
Let f = -37 - -35. Let t(n) = -n**3 + n + 1. Let i(a) = -2*a**3 - a**2 + 2*a + 1. Let l(h) = f*i(h) + 5*t(h). Determine l(3).
-3
Let m(d) be the second derivative of -2*d**3/3 + 11*d**2 - 20*d. Let x be m(7). Let f(j) = j + 5. Determine f(x).
-1
Let d(w) = 3*w - 35. Let m(y) = -y + 12. Let c(i) = -6*d(i) - 17*m(i). Let u be 5 - 2/(-4)*6. Give c(u).
-2
Let v(u) = u + 10. Suppose j = -3*c + 17, 3*j + 4*c = -j + 28. Suppose -k = 4*k - j*k. Calculate v(k).
10
Let y = 98 - 93. Let u(k) be the first derivative of k**4/4 - 4*k**3/3 - 5*k**2/2 - 3*k + 2. Determine u(y).
-3
Let i be (-1)/(-1) + 0 + -11. Let j(n) be the first derivative of -n**2 - 14*n + 1624. Determine j(i).
6
Let c(o) = o + 1. Let g(d) = 4*d. Let j be g(1). Let z be 2*((-28)/8 + 4) + 1. Let v be -2*(1 + (z - j)). What is c(v)?
3
Let n(r) = r**3 - r**2 - 2*r + 4. Let c be n(2). Let y(u) = u**2 + 1 + 3 - 6*u - c - 4. Suppose -19 = -4*m - 2*a + 7, 0 = -m - a + 7. Determine y(m).
-4
Let a(k) = -k**2 - 5*k. Let t(o) = o**3 - 7*o**2 + 5*o + 11. Let l be t(6). Suppose -5*w = l + 20. What is a(w)?
0
Let z be ((-3)/4)/(22/(-176)). Let i = 1 - 1. Let a be (-3 + i)/(z/(-8)). Let j(c) = -c. Determine j(a).
-4
Let a(s) = s**2 - s + 1. Let l(n) = -n**2 - 3*n + 5. Suppose 5*c + 4 + 0 = -2*u, -5*c + 2*u - 16 = 0. Let y = c + 0. Let w(h) = y*a(h) - l(h). Calculate w(5).
-7
Let j(u) = -4 + 9*u - 4 + 5 - 1. Let h(f) = -13*f + 6. Let n(w) = 5*h(w) + 7*j(w). Calculate n(-7).
16
Let d be 40/25*(-5)/(-2). Let z(f) be the second derivative of 1/2*f**3 + 0 - 3/2*f**2 - 10*f. Calculate z(d).
9
Suppose 34*x = -52 - 220. Let g(z) = z**3 + 9*z**2 + 9*z + 2. What is g(x)?
-6
Let f = 7 - 3. Let t be f - (-4 + -2 + 5). Let y(m) = -m**2 + 7*m + 2. Calculate y(t).
12
Let p = 0 + 2. Let n(g) = 0*g**p + 7 + 6*g + 0*g + g**2 - 1. What is n(-6)?
6
Let y(s) be the second derivative of -s**4/12 + s**3/2 + 3*s**2/2 + 6*s. Calculate y(-4).
-25
Let o be -2*(-1 + 0)/(-2). Let s(c) = -8 - 2*c**3 - 3*c**3 + 8 + 16*c**3 + c + c**2. Give s(o).
-11
Let j(c) be the second derivative of -c**4/12 - 4*c**3/3 + 5*c**2/2 - 63*c + 1. What is j(-8)?
5
Suppose -11 = -4*f + 1. Suppose 13 - 4 = -3*